housands digit of 1566319?
6
What is the ten millions digit of 11420508?
1
What is the tens digit of 226458?
5
What is the tens digit of 591479?
7
What is the tens digit of 99175?
7
What is the thousands digit of 1850710?
0
What is the hundreds digit of 674952?
9
What is the units digit of 466240?
0
What is the tens digit of 2335738?
3
What is the ten thousands digit of 279295?
7
What is the ten thousands digit of 487315?
8
What is the hundred thousands digit of 16984575?
9
What is the ten thousands digit of 60451?
6
What is the tens digit of 239605?
0
What is the hundreds digit of 2882900?
9
What is the units digit of 191334?
4
What is the millions digit of 23407439?
3
What is the tens digit of 349523?
2
What is the ten thousands digit of 476224?
7
What is the hundreds digit of 11782957?
9
What is the hundreds digit of 3541405?
4
What is the units digit of 402189?
9
What is the hundred thousands digit of 23836470?
8
What is the thousands digit of 41789228?
9
What is the units digit of 86631?
1
What is the units digit of 18751?
1
What is the thousands digit of 198067?
8
What is the hundreds digit of 6631415?
4
What is the units digit of 386193?
3
What is the units digit of 171115?
5
What is the hundred thousands digit of 175846?
1
What is the thousands digit of 6974443?
4
What is the units digit of 6563732?
2
What is the thousands digit of 83768?
3
What is the hundred thousands digit of 146528?
1
What is the hundred thousands digit of 581263?
5
What is the ten thousands digit of 194869?
9
What is the hundreds digit of 455505?
5
What is the hundred thousands digit of 284566?
2
What is the units digit of 363604?
4
What is the units digit of 1190590?
0
What is the units digit of 478167?
7
What is the tens digit of 66662?
6
What is the thousands digit of 43268?
3
What is the units digit of 2876541?
1
What is the ten thousands digit of 6772678?
7
What is the hundreds digit of 212931?
9
What is the hundred thousands digit of 3665796?
6
What is the units digit of 5397904?
4
What is the ten thousands digit of 14352755?
5
What is the ten thousands digit of 3068569?
6
What is the ten thousands digit of 40749?
4
What is the ten thousands digit of 74620?
7
What is the thousands digit of 629980?
9
What is the hundreds digit of 259873?
8
What is the thousands digit of 17382?
7
What is the thousands digit of 422988?
2
What is the units digit of 30779?
9
What is the tens digit of 1796060?
6
What is the tens digit of 2846851?
5
What is the tens digit of 1807414?
1
What is the tens digit of 7770028?
2
What is the units digit of 347328?
8
What is the thousands digit of 165459?
5
What is the units digit of 238222?
2
What is the tens digit of 158338?
3
What is the hundreds digit of 4617396?
3
What is the ten thousands digit of 4439946?
3
What is the ten millions digit of 34706645?
3
What is the hundreds digit of 441561?
5
What is the ten thousands digit of 318895?
1
What is the units digit of 650979?
9
What is the ten thousands digit of 1073691?
7
What is the millions digit of 7319236?
7
What is the hundreds digit of 25082048?
0
What is the ten thousands digit of 240632?
4
What is the hundred thousands digit of 435944?
4
What is the units digit of 5720224?
4
What is the hundreds digit of 3755235?
2
What is the tens digit of 1525252?
5
What is the millions digit of 2068889?
2
What is the hundreds digit of 412352?
3
What is the tens digit of 921662?
6
What is the hundred thousands digit of 126337?
1
What is the millions digit of 2451372?
2
What is the hundred thousands digit of 332190?
3
What is the thousands digit of 101812?
1
What is the units digit of 2109491?
1
What is the thousands digit of 1448412?
8
What is the hundred thousands digit of 1001011?
0
What is the thousands digit of 4485429?
5
What is the tens digit of 949529?
2
What is the ten thousands digit of 353171?
5
What is the thousands digit of 307900?
7
What is the units digit of 522126?
6
What is the units digit of 28285415?
5
What is the tens digit of 174259?
5
What is the thousands digit of 189189?
9
What is the thousands digit of 117615?
7
What is the units digit of 860536?
6
What is the tens digit of 1795146?
4
What is the ten thousands digit of 441837?
4
What is the ten millions digit of 14811951?
1
What is the ten thousands digit of 31545897?
4
What is the ten thousands digit of 47096?
4
What is the units digit of 7121678?
8
What is the thousands digit of 181486?
1
What is the units digit of 1539782?
2
What is the tens digit of 43002?
0
What is the hundred thousands digit of 722335?
7
What is the hundred thousands digit of 508630?
5
What is the thousands digit of 10300255?
0
What is the ten thousands digit of 729281?
2
What is the hundreds digit of 6312600?
6
What is the hundred thousands digit of 3851612?
8
What is the hundreds digit of 5132215?
2
What is the units digit of 403974?
4
What is the millions digit of 1674137?
1
What is the thousands digit of 12361614?
1
What is the units digit of 11140616?
6
What is the units digit of 278776?
6
What is the hundred thousands digit of 2144977?
1
What is the hundred thousands digit of 1065561?
0
What is the hundreds digit of 1892319?
3
What is the units digit of 8720632?
2
What is the ten thousands digit of 8230802?
3
What is the hundred thousands digit of 147048?
1
What is the hundreds digit of 1925089?
0
What is the thousands digit of 23156073?
6
What is the hundreds digit of 901254?
2
What is the tens digit of 1451430?
3
What is the hundreds digit of 837295?
2
What is the hundreds digit of 18741650?
6
What is the tens digit of 3549952?
5
What is the ten millions digit of 12931203?
1
What is the thousands digit of 1015531?
5
What is the ten thousands digit of 1133193?
3
What is the units digit of 1067322?
2
What is the thousands digit of 454683?
4
What is the thousands digit of 605530?
5
What is the millions digit of 5096896?
5
What is the ten thousands digit of 1786337?
8
What is the hundred thousands digit of 728060?
7
What is the thousands digit of 884852?
4
What is the units digit of 88377?
7
What is the thousands digit of 86591?
6
What is the tens digit of 175761?
6
What is the units digit of 2128387?
7
What is the tens digit of 4245101?
0
What is the ten thousands digit of 18172018?
7
What is the thousands digit of 283584?
3
What is the tens digit of 2415924?
2
What is the hundreds digit of 6387683?
6
What is the units digit of 404438?
8
What is the ten thousands digit of 10932460?
3
What is the hundreds digit of 13929773?
7
What is the units digit of 162344?
4
What is the ten thousands digit of 76680?
7
What is the thousands digit of 32543888?
3
What is the millions digit of 1655501?
1
What is the hundreds digit of 5231028?
0
What is the tens digit of 2511050?
5
What is the millions digit of 1019743?
1
What is the tens digit of 526060?
6
What is the hundreds digit of 3616052?
0
What is the thousands digit of 171471?
1
What is the tens digit of 1476291?
9
What is the thousands digit of 5542662?
2
What is the ten thousands digit of 1426660?
2
What is the thousands digit of 3272150?
2
What is the millions digit of 1525261?
1
What is the hundred thousands digit of 628230?
6
What is the ten thousands digit of 497272?
9
What is the thousands digit of 135065?
5
What is the hundred thousands digit of 4487908?
4
What is the ten thousands digit of 7597057?
9
What is the units digit of 10734989?
9
What is the hundreds digit of 400383?
3
What is the ten thousands digit of 11983449?
8
What is the hundreds digit of 15989?
9
What is the ten thousands digit of 6640581?
4
What is the hundred thousands digit of 128877?
1
What is the ten thousands digit of 5581847?
8
What is the thousands digit of 2011950?
1
What is the hundreds digit of 32491697?
6
What is the hundreds digit of 27899?
8
What is the tens digit of 1461684?
8
What is the units digit of 78822?
2
What is the hundred thousands digit of 8154423?
1
What is the ten thousands digit of 74163?
7
What is the ten thousands digit of 111924?
1
What is the ten thousands digit of 50777?
5
What is the tens digit of 101254?
5
What is the thousands digit of 342521?
2
What is the hundreds digit of 319662?
6
What is the hundreds digit of 9760442?
4
What is the hundreds digit of 14685748?
7
What is the tens digit